{"id":132,"date":"2022-12-15T18:05:59","date_gmt":"2022-12-15T18:05:59","guid":{"rendered":"https:\/\/alianzasur.org\/?page_id=132"},"modified":"2022-12-20T17:16:37","modified_gmt":"2022-12-20T17:16:37","slug":"inicio","status":"publish","type":"page","link":"https:\/\/alianzasur.org\/index.php\/inicio\/","title":{"rendered":"Galer\u00eda Bicentenario."},"content":{"rendered":"\n<h2 class=\"wp-block-heading\">Galer\u00eda Bicentenario, un proyecto social para las comunidades de Tunja.<\/h2>\n\n\n\n<figure class=\"wp-block-embed is-type-video is-provider-youtube wp-block-embed-youtube wp-embed-aspect-16-9 wp-has-aspect-ratio\"><div class=\"wp-block-embed__wrapper\">\n<iframe loading=\"lazy\" title=\"Nueva Galer\u00eda en Tunja...!!!\" width=\"500\" height=\"281\" src=\"https:\/\/www.youtube.com\/embed\/sHUNrj6xmbs?feature=oembed\" frameborder=\"0\" allow=\"accelerometer; autoplay; clipboard-write; encrypted-media; gyroscope; picture-in-picture; web-share\" referrerpolicy=\"strict-origin-when-cross-origin\" allowfullscreen><\/iframe>\n<\/div><\/figure>\n\n\n\n<p>Con motivo de la celebraci\u00f3n del Bicentenario de la Independencia, la Alcald\u00eda Mayor de Tunja y la ONG Alianza Sur, firman un Convenio a 5 a\u00f1os, con financiaci\u00f3n 100% de dineros de cooperaci\u00f3n internacional, buscando beneficiar a mas de 45.000 Tunjanos. <\/p>\n\n\n\n<p>Este espacio ser\u00e1 una plataforma de exposici\u00f3n gratuita para artistas y cultores de la ciudad de Tunja; as\u00ed como ser\u00e1 el espacio para la presentaci\u00f3n de conciertos, Teatro y Danza, buscando as\u00ed operativizar un espacio abierto y dispuesto para todos los ciudadanos sin discriminar condici\u00f3n econ\u00f3mica, estrato raza o religi\u00f3n. <\/p>\n\n\n\n<p>Mas informaci\u00f3n: <a href=\"https:\/\/www.youtube.com\/redirect?event=video_description&amp;redir_token=QUFFLUhqbFgtektpN3pKMENKOG42Qmd4TkJMYmd0YlBRQXxBQ3Jtc0ttNnFFbHNSYUk5eTIxaFpsUXc1LVp3SkJnSzk4YzVNWTZORE1XdERHUUlqZDluY1FucFIyaC1aRTZ3SjBSQ05Vby12LWJCX0MtVU1ncHNGblJVaWJ0RzZPVHBSSXk4bmhyZmlVdzRyMG1maTEzc05tdw&amp;q=https%3A%2F%2Fcutt.ly%2FqyuAHuC&amp;v=sHUNrj6xmbs\" target=\"_blank\" rel=\"noreferrer noopener\">https:\/\/cutt.ly\/qyuAHuC<\/a> Video de uso pedag\u00f3gico, no de uso comercial.<\/p>\n\n\n\n<div data-wp-interactive=\"core\/file\" class=\"wp-block-file\"><object data-wp-bind--hidden=\"!state.hasPdfPreview\" hidden class=\"wp-block-file__embed\" data=\"https:\/\/alianzasur.org\/wp-content\/uploads\/2022\/12\/Contrato-Galeria-Bicentenario.pdf\" type=\"application\/pdf\" style=\"width:100%;height:600px\" aria-label=\"Incrustado de Contrato-Galeria-Bicentenario.\"><\/object><a id=\"wp-block-file--media-5016a688-974d-4eb0-a448-9a196b5ac8e5\" href=\"https:\/\/alianzasur.org\/wp-content\/uploads\/2022\/12\/Contrato-Galeria-Bicentenario.pdf\">Contrato-Galeria-Bicentenario<\/a><a href=\"https:\/\/alianzasur.org\/wp-content\/uploads\/2022\/12\/Contrato-Galeria-Bicentenario.pdf\" class=\"wp-block-file__button wp-element-button\" download aria-describedby=\"wp-block-file--media-5016a688-974d-4eb0-a448-9a196b5ac8e5\">Descargar<\/a><\/div>\n\n\n\n<hr class=\"wp-block-separator has-alpha-channel-opacity\"\/>\n\n\n\n<h2 class=\"wp-block-heading\"><\/h2>\n\n\n\n<p><\/p>\n","protected":false},"excerpt":{"rendered":"<p>Galer\u00eda Bicentenario, un proyecto social para las comunidades de Tunja. Con motivo de la celebraci\u00f3n del Bicentenario de la Independencia, la Alcald\u00eda Mayor de Tunja y la ONG Alianza Sur, firman un Convenio a 5 a\u00f1os, con financiaci\u00f3n 100% de dineros de cooperaci\u00f3n internacional, buscando beneficiar a mas de 45.000 Tunjanos. Este espacio ser\u00e1 una [&hellip;]<\/p>\n","protected":false},"author":1,"featured_media":0,"parent":0,"menu_order":0,"comment_status":"closed","ping_status":"closed","template":"","meta":{"footnotes":""},"class_list":["post-132","page","type-page","status-publish","hentry"],"aioseo_notices":[],"_links":{"self":[{"href":"https:\/\/alianzasur.org\/index.php\/wp-json\/wp\/v2\/pages\/132","targetHints":{"allow":["GET"]}}],"collection":[{"href":"https:\/\/alianzasur.org\/index.php\/wp-json\/wp\/v2\/pages"}],"about":[{"href":"https:\/\/alianzasur.org\/index.php\/wp-json\/wp\/v2\/types\/page"}],"author":[{"embeddable":true,"href":"https:\/\/alianzasur.org\/index.php\/wp-json\/wp\/v2\/users\/1"}],"replies":[{"embeddable":true,"href":"https:\/\/alianzasur.org\/index.php\/wp-json\/wp\/v2\/comments?post=132"}],"version-history":[{"count":4,"href":"https:\/\/alianzasur.org\/index.php\/wp-json\/wp\/v2\/pages\/132\/revisions"}],"predecessor-version":[{"id":171,"href":"https:\/\/alianzasur.org\/index.php\/wp-json\/wp\/v2\/pages\/132\/revisions\/171"}],"wp:attachment":[{"href":"https:\/\/alianzasur.org\/index.php\/wp-json\/wp\/v2\/media?parent=132"}],"curies":[{"name":"wp","href":"https:\/\/api.w.org\/{rel}","templated":true}]}}