{"id":229,"date":"2022-12-20T23:20:07","date_gmt":"2022-12-20T23:20:07","guid":{"rendered":"https:\/\/alianzasur.org\/?page_id=229"},"modified":"2022-12-20T23:20:08","modified_gmt":"2022-12-20T23:20:08","slug":"area-des-economico","status":"publish","type":"page","link":"https:\/\/alianzasur.org\/index.php\/area-des-economico\/","title":{"rendered":"\u00c1rea Des. Econ\u00f3mico."},"content":{"rendered":"\n<figure class=\"wp-block-image size-full\"><img loading=\"lazy\" decoding=\"async\" width=\"954\" height=\"113\" src=\"https:\/\/alianzasur.org\/wp-content\/uploads\/2022\/12\/proyectos-relevantes9_1.png\" alt=\"\" class=\"wp-image-230\" srcset=\"https:\/\/alianzasur.org\/wp-content\/uploads\/2022\/12\/proyectos-relevantes9_1.png 954w, https:\/\/alianzasur.org\/wp-content\/uploads\/2022\/12\/proyectos-relevantes9_1-300x36.png 300w, https:\/\/alianzasur.org\/wp-content\/uploads\/2022\/12\/proyectos-relevantes9_1-768x91.png 768w\" sizes=\"auto, (max-width: 954px) 100vw, 954px\" \/><\/figure>\n\n\n\n<p>\u200b<strong>NUESTRA PRESTACION SE ENFOCA EN:<\/strong><\/p>\n\n\n\n<p><strong>>\u00a0<\/strong>\u00a0Administrar y recaudar las donaciones y recursos tributarios de entidades relacionas con ALIANZA SUR, invirti\u00e9ndolos en proyectos culturales de corte social.<br><strong>><\/strong>\u00a0\u00a0Fomentar la movilizaci\u00f3n econ\u00f3mica con proyectos propios o externos teniendo en cuenta el objeto social con proyectos de alto impacto en base a un sistema financiero, social y cultural.<br><strong>>\u00a0<\/strong>\u00a0Organizar procesos cooperativos y de agrupaci\u00f3n de recursos humanos, estableciendo estrategias de administraci\u00f3n de recursos econ\u00f3micos, gestionando la administraci\u00f3n de las pensiones y cesant\u00edas de un grupo especifico.<\/p>\n\n\n\n<h2 class=\"has-text-align-center wp-block-heading\"><mark style=\"background-color:rgba(0, 0, 0, 0)\" class=\"has-inline-color has-vivid-purple-color\">\u200bPROYECTOS RELEVANTES:<\/mark><\/h2>\n\n\n\n<hr class=\"wp-block-separator has-alpha-channel-opacity\"\/>\n\n\n\n<h2 class=\"wp-block-heading\"><mark style=\"background-color:rgba(0, 0, 0, 0)\" class=\"has-inline-color has-vivid-cyan-blue-color\"><strong>PLANTA DE LACTEOS LA HACIENDA<\/strong>.<\/mark><\/h2>\n\n\n\n<p><strong>OBJETO :\u00a0<\/strong>Brindar la asistencia t\u00e9cnica para la puesta en<br>marcha de la producci\u00f3n de l\u00e1cteos en la planta de la empresa de base socio-campesina, estableciendo los distintos espacios a nivel arquitect\u00f3nico, t\u00e9cnico y organizacional.<br><strong>BENEFICIARIOS:\u00a0<\/strong>150 productores l\u00e1cteos del departamento.<br><strong>COOPERANTES:\u00a0<\/strong><br>*L\u00e1cteos la Hacienda S.A.S<br>*Fundaci\u00f3n itedris<br>*Alianza Sur.(cooperante ejecutivo)<\/p>\n\n\n\n<figure class=\"wp-block-image size-full is-resized\"><img loading=\"lazy\" decoding=\"async\" src=\"https:\/\/alianzasur.org\/wp-content\/uploads\/2022\/12\/captura-2_4.jpg\" alt=\"\" class=\"wp-image-231\" width=\"675\" height=\"317\" srcset=\"https:\/\/alianzasur.org\/wp-content\/uploads\/2022\/12\/captura-2_4.jpg 466w, https:\/\/alianzasur.org\/wp-content\/uploads\/2022\/12\/captura-2_4-300x141.jpg 300w\" sizes=\"auto, (max-width: 675px) 100vw, 675px\" \/><\/figure>\n","protected":false},"excerpt":{"rendered":"<p>\u200bNUESTRA PRESTACION SE ENFOCA EN: >\u00a0\u00a0Administrar y recaudar las donaciones y recursos tributarios de entidades relacionas con ALIANZA SUR, invirti\u00e9ndolos en proyectos culturales de corte social.>\u00a0\u00a0Fomentar la movilizaci\u00f3n econ\u00f3mica con proyectos propios o externos teniendo en cuenta el objeto social con proyectos de alto impacto en base a un sistema financiero, social y cultural.>\u00a0\u00a0Organizar procesos [&hellip;]<\/p>\n","protected":false},"author":1,"featured_media":0,"parent":0,"menu_order":0,"comment_status":"closed","ping_status":"closed","template":"","meta":{"footnotes":""},"class_list":["post-229","page","type-page","status-publish","hentry"],"aioseo_notices":[],"_links":{"self":[{"href":"https:\/\/alianzasur.org\/index.php\/wp-json\/wp\/v2\/pages\/229","targetHints":{"allow":["GET"]}}],"collection":[{"href":"https:\/\/alianzasur.org\/index.php\/wp-json\/wp\/v2\/pages"}],"about":[{"href":"https:\/\/alianzasur.org\/index.php\/wp-json\/wp\/v2\/types\/page"}],"author":[{"embeddable":true,"href":"https:\/\/alianzasur.org\/index.php\/wp-json\/wp\/v2\/users\/1"}],"replies":[{"embeddable":true,"href":"https:\/\/alianzasur.org\/index.php\/wp-json\/wp\/v2\/comments?post=229"}],"version-history":[{"count":1,"href":"https:\/\/alianzasur.org\/index.php\/wp-json\/wp\/v2\/pages\/229\/revisions"}],"predecessor-version":[{"id":232,"href":"https:\/\/alianzasur.org\/index.php\/wp-json\/wp\/v2\/pages\/229\/revisions\/232"}],"wp:attachment":[{"href":"https:\/\/alianzasur.org\/index.php\/wp-json\/wp\/v2\/media?parent=229"}],"curies":[{"name":"wp","href":"https:\/\/api.w.org\/{rel}","templated":true}]}}